 What is the remainder when s is divided by (112/20)/((16/i)/4)?
26
Suppose -m + 4*o = m - 4, -5*m - o = -10. Suppose -27 = m*z - 221. Suppose -r - 323 = -3*q, -q - 3*r + z = -6*r. What is the remainder when q is divided by 22?
21
Let s(v) = v**3 + 21*v**2 - 17*v - 11. Let h be s(-21). Let j = h + -330. Calculate the remainder when 86 is divided by j.
6
Suppose -23*p - 155 = -362. What is the remainder when 23 is divided by p?
5
Let o be (-28)/(-21)*1*6. What is the remainder when 83 is divided by (-203)/(-21) + 1 - o/(-6)?
11
Suppose -2*z - 6 = 2*z + 2*t, 5*t = 3*z - 15. What is the remainder when 65 is divided by 4 + (z - 2) + 34?
29
Let t(f) = 2*f**2 - 42*f - 146. Let d = -12 - -84. Calculate the remainder when d is divided by t(25).
18
Let i = 2553 - 2444. What is the remainder when 128 is divided by i?
19
Let b = 6941 - 5516. Calculate the remainder when b is divided by 15.
0
Let m(q) = -3*q**2 - 50*q - 112. Suppose 0 = 3*y + 23 - 68. What is the remainder when m(-12) is divided by y?
11
Let x(c) be the second derivative of -3*c**3/2 + c**2/2 + 3*c. Calculate the remainder when x(-5) is divided by (0 - (-4)/3)*198/44.
4
Let v = -5875 - -5889. What is the remainder when 3582 is divided by v?
12
Suppose -7*d - r = -2*d - 84, -5*r = 5. Suppose 233 = 4*h - 3*k, -4*h - 45 + 268 = -5*k. Calculate the remainder when h is divided by d.
11
Let z(h) = -19*h + 106. Suppose -4*q - 218 = -234. Calculate the remainder when 147 is divided by z(q).
27
Suppose 3*q = 4*l - 0*l - 11, -2*q - 2 = 0. Suppose 0 = l*u - 109 + 53. What is the remainder when 160 is divided by u?
20
Suppose 0 = 4*g - 32 + 20. Suppose 0 = -8*j + 4*j + 28. Calculate the remainder when -13*(1 + (g - 6)) is divided by j.
5
Let h(f) = -8*f**2. Let g be h(1). Let c = g + 46. What is the remainder when c is divided by 25/(-5)*28/(-10)?
10
Let p(w) = -w**3 + 2*w**2 - w + 11. Let j = 508 - 305. Let b = j - 127. What is the remainder when b is divided by p(0)?
10
Let u(y) = -2*y**3 + y**2 + 5*y - 8. Let l be u(5). Let t = -195 - l. What is the remainder when 46 is divided by t?
7
Let z(y) be the second derivative of y**3/2 + 61*y**2/2 + 49*y. What is the remainder when z(-11) is divided by 10?
8
Suppose -66 = g - 4*g. Suppose 0 = -54*k + 53*k - 2. What is the remainder when k/(-4) + 79/2 is divided by g?
18
Let i = 709 + -49. Suppose 362 = -j + 1520. Suppose 3*w - i = -3*c, 4*c - j = -w - 287. What is the remainder when c is divided by 55?
52
Let g = 16 + -12. Suppose 498 = 25*f - 102. Suppose -3*q + 3*o = -36, g*o + f = 5*q - 31. Calculate the remainder when 75 is divided by q.
5
Suppose -5*q + 927 + 1343 = 5*q. Calculate the remainder when 233 is divided by q.
6
Let f(p) = 3*p + 20. Let g(m) = m - 5. Let d be g(0). What is the remainder when d*((-392)/20)/1 is divided by f(0)?
18
Let c = 6749 + -6514. What is the remainder when 292 is divided by c?
57
Let f be 6/10 + (-52)/20 + -5. What is the remainder when f/(-1 + 8)*-15 is divided by 6?
3
Let r(u) = 19*u**2 - u - 22. Let k be r(7). Suppose 6*w = -5*w - k. Let o = -75 - w. What is the remainder when 24 is divided by o?
3
Let m(q) = 199*q**2 + 193*q + 605. What is the remainder when m(-3) is divided by 83?
74
Let i(c) = c**2 + 514*c + 586. Calculate the remainder when i(0) is divided by 19.
16
Suppose 66 = 35*c - 109. Suppose 3*p = -6, z - c*z + 924 = 4*p. Calculate the remainder when z is divided by 40.
33
Let n(w) = 101*w + 3. Let i(y) = 152*y + 4. Let t(c) = 5*i(c) - 8*n(c). Let l be t(-1). Let j = l - -26. What is the remainder when j is divided by 12?
10
Let m = -3079 + 3117. What is the remainder when 64 is divided by m?
26
Suppose -4*f - 3*k + 572 = 0, -16*f + 20*f - 544 = 4*k. Let b = 122 - 58. What is the remainder when f is divided by b?
12
What is the remainder when 64980/48 + -35 + 14/(-8) is divided by 183?
36
Calculate the remainder when 168 is divided by (-7)/(6/(-32 - 10)).
21
Suppose 12*w + 2*x + 143 = 14*w - 3*x, -357 = 21*x. What is the remainder when (2 - (2 + -2)) + 72 is divided by w?
16
Let k(q) = -q**3 + 8*q**2 - q + 4. Suppose 3*p + 4 = 4*d + 34, 5*p + 3*d - 21 = 0. What is the remainder when 138 is divided by k(p)?
68
Suppose 2*s - 6 = 5*s. Let b = 822 + -808. Calculate the remainder when s/(-11) + 2373/77 is divided by b.
3
Let h(o) = 8*o**2 - 81*o + 13. Let i be h(10). Suppose -3*u + 5*s + 86 = 0, 0 = 9*s - 6*s + i. Calculate the remainder when 52 is divided by u.
25
Let z = 35 + -33. Suppose -5*r = 5*i - 70, -2*r + z*i = -3*i + 7. Let d = r + 313. What is the remainder when d is divided by 13?
10
Let w = -5663 - -5914. What is the remainder when w is divided by 221?
30
Suppose -3*s - 4*o = -1190, 11*s + 7*o - 1983 = 6*s. What is the remainder when s is divided by 223?
175
Suppose 21*d - 25*d = -216. Calculate the remainder when 237 is divided by 1269/d - 2/(-4).
21
Let g be (4 + 1)*118/295. Let u(t) = -7*t + 23. Calculate the remainder when 114 is divided by u(g).
6
Let w = 214 - 209. Suppose -w*g + 8*g = -2*b + 129, 0 = 4*b + 12. What is the remainder when g is divided by 25?
20
Suppose 6*b + 12 = 8*b. Suppose -o + 10 = b. What is the remainder when 270 is divided by o?
2
Suppose 342*k - 350*k + 112 = 0. Calculate the remainder when k is divided by 1*1/(-5) + 52/10.
4
Let r(u) = -24*u**2 - 26*u + 146. Let n be r(5). Let c = 714 + n. Calculate the remainder when c is divided by 49.
32
Let c(q) = q**3 - 5*q**2 + 5*q. Let f be c(4). Let l = f + 2. What is the remainder when 45 is divided by (46/4)/(l/12)?
22
Let u(s) = 3*s**2 + 10*s + 6. Let x = 8608 - 8593. Calculate the remainder when u(-6) is divided by x.
9
Let l(d) = -14*d**2 - 7*d - 210. Let z(o) = -5*o**2 + 1. Let i(b) = l(b) - 3*z(b). What is the remainder when 155 is divided by i(19)?
5
Let d = -28 + 69. Let x be (-276)/18*(-3)/2. Let v = d - x. Calculate the remainder when 50 is divided by v.
14
Let m(o) = 111*o**3 + o**2 - 4*o + 2. Let q be m(1). What is the remainder when (0 - (-18)/3) + q is divided by 30?
26
Let o(k) = -k - 48. Let t be o(-50). Suppose 5*b + 446 = 7*m - 3*m, -212 = -t*m - 3*b. Calculate the remainder when m is divided by 1/((-2)/(-72)) - -1.
35
Let j be 885/(4/1 + -5). Let i = -734 - j. What is the remainder when i is divided by 11?
8
Let a be 43 - 40 - -1*(-3)/1. Suppose -4*p - c + 17 + 17 = 0, a = p - c - 6. Let r = -56 + 85. What is the remainder when r is divided by p?
5
Let w(a) = -a**3 - 23*a**2 + 109*a + 32. What is the remainder when 594 is divided by w(-27)?
4
Suppose -11 - 13 = -2*z. Let m be (-1)/(-1) + -9 + 12. Suppose -284 = -0*u - m*u. What is the remainder when u is divided by z?
11
What is the remainder when 190 is divided by ((-3816)/(-54))/(92/69)?
31
Suppose 0 = b + 2*b + 1740. Let t be (-9)/(-12) - b/16. Suppose -t = -5*v + 38. What is the remainder when v is divided by 8?
7
Suppose -t - 400 = -n - 228, 0 = 5*n - t - 868. What is the remainder when 220 is divided by n?
46
Suppose 3*w - 6*w = 2*v - 1869, 2*w = v - 931. What is the remainder when v is divided by 52?
49
Let b(a) = a**3 - 4*a**2 + 43*a - 220. Calculate the remainder when 984 is divided by b(6).
104
Let r be 5/(25/2) - 147/5. Let h(g) = -g**3 - 27*g**2 + 55*g - 72. What is the remainder when 35 is divided by h(r)?
5
Let k(b) = b**2 - 650*b - 5159. What is the remainder when 1330 is divided by k(-8)?
70
Let n be (528/20)/(76/(-25) + 3). What is the remainder when 1 + (-3)/(3/(-89)) is divided by 88/n - ((-664)/30 - 1)?
21
Suppose -3*n - 80 = -k - 3*k, 2*n = 5*k - 107. Let c be (3/(-2))/((-8)/64). Calculate the remainder when ((-315)/(-20))/(3/c) is divided by k.
17
Suppose -a - 8 = -57. Let s(q) be the first derivative of 41*q**2 + 107*q + 58. What is the remainder when a is divided by s(-1)?
24
Let j be ((-44)/66)/(1/(-2))*3. Calculate the remainder when (1 - j) + 23 - -7 is divided by 13.
1
Suppose 8286 = 14*j - 66936. Calculate the remainder when j is divided by 42.
39
Let x = -39 + 114. Let n = 305597 - 305582. What is the remainder when x is divided by n?
0
Suppose -2*a = 2*b - 0*b - 536, -a + 5*b = -292. Let y = -80 - -174. Calculate the remainder when a is divided by y.
84
Let c(k) = -2 - 23*k - 8 - 7 + 263*k**2 - 7. Calculate the remainder when c(-1) is divided by 54.
46
Suppose 5*o - 160 = 4*c, -3*c - 129 = -4*o - 2. Suppose 3*v = w - 25